{"id":949,"date":"2023-06-24T17:29:31","date_gmt":"2023-06-24T10:29:31","guid":{"rendered":"https:\/\/yinkata.com\/tusach\/index.php\/san-pham\/thanh-tinh-dao-giang-giai-gioi-dinh\/"},"modified":"2023-06-26T07:47:15","modified_gmt":"2023-06-26T00:47:15","slug":"thanh-tinh-dao-giang-giai-gioi-dinh","status":"publish","type":"product","link":"https:\/\/yinkata.com\/tusach\/index.php\/san-pham\/thanh-tinh-dao-giang-giai-gioi-dinh\/","title":{"rendered":"THANH T\u1ecaNH \u0110\u1ea0O GI\u1ea2NG GI\u1ea2I &#8211; GI\u1edaI &#038; \u0110\u1ecaNH"},"content":{"rendered":"<p>T\u00e1c Gi\u1ea3: Venerable Sayadaw U Silananda<br \/>\nD\u1ecbch Gi\u1ea3: Ph\u00e1p Tri\u1ec1u<br \/>\nNh\u00e0 Xu\u1ea5t B\u1ea3n: Nxb T\u00f4n Gi\u00e1o<br \/>\nNg\u00f4n Ng\u1eef: Ti\u1ebfng Vi\u1ec7t<\/p>\n","protected":false},"excerpt":{"rendered":"<p>T\u00e1c Gi\u1ea3: Venerable Sayadaw U Silananda D\u1ecbch Gi\u1ea3: Ph\u00e1p Tri\u1ec1u Nh\u00e0 Xu\u1ea5t B\u1ea3n: Nxb T\u00f4n Gi\u00e1o Ng\u00f4n Ng\u1eef: Ti\u1ebfng Vi\u1ec7t<\/p>\n","protected":false},"featured_media":1545,"comment_status":"open","ping_status":"closed","template":"","meta":[],"product_cat":[22],"product_tag":[],"class_list":["post-949","product","type-product","status-publish","has-post-thumbnail","hentry","product_cat-tgi"],"_links":{"self":[{"href":"https:\/\/yinkata.com\/tusach\/index.php\/wp-json\/wp\/v2\/product\/949","targetHints":{"allow":["GET"]}}],"collection":[{"href":"https:\/\/yinkata.com\/tusach\/index.php\/wp-json\/wp\/v2\/product"}],"about":[{"href":"https:\/\/yinkata.com\/tusach\/index.php\/wp-json\/wp\/v2\/types\/product"}],"replies":[{"embeddable":true,"href":"https:\/\/yinkata.com\/tusach\/index.php\/wp-json\/wp\/v2\/comments?post=949"}],"wp:featuredmedia":[{"embeddable":true,"href":"https:\/\/yinkata.com\/tusach\/index.php\/wp-json\/wp\/v2\/media\/1545"}],"wp:attachment":[{"href":"https:\/\/yinkata.com\/tusach\/index.php\/wp-json\/wp\/v2\/media?parent=949"}],"wp:term":[{"taxonomy":"product_cat","embeddable":true,"href":"https:\/\/yinkata.com\/tusach\/index.php\/wp-json\/wp\/v2\/product_cat?post=949"},{"taxonomy":"product_tag","embeddable":true,"href":"https:\/\/yinkata.com\/tusach\/index.php\/wp-json\/wp\/v2\/product_tag?post=949"}],"curies":[{"name":"wp","href":"https:\/\/api.w.org\/{rel}","templated":true}]}}