{"id":910,"date":"2023-06-24T17:29:08","date_gmt":"2023-06-24T10:29:08","guid":{"rendered":"https:\/\/yinkata.com\/tusach\/index.php\/san-pham\/phuc-hoi-chuc-nang-van-dong-cho-benh-nhan-tai-bien-mach-mau-nao\/"},"modified":"2023-06-24T17:51:57","modified_gmt":"2023-06-24T10:51:57","slug":"phuc-hoi-chuc-nang-van-dong-cho-benh-nhan-tai-bien-mach-mau-nao","status":"publish","type":"product","link":"https:\/\/yinkata.com\/tusach\/index.php\/san-pham\/phuc-hoi-chuc-nang-van-dong-cho-benh-nhan-tai-bien-mach-mau-nao\/","title":{"rendered":"PH\u1ee4C H\u1ed2I CH\u1ee8C N\u0102NG V\u1eacN \u0110\u1ed8NG CHO B\u1ec6NH NH\u00c2N TAI BI\u1ebeN M\u1ea0CH M\u00c1U N\u00c3O"},"content":{"rendered":"<p>T\u00e1c Gi\u1ea3: Lorenzo Carraro<br \/>\nD\u1ecbch Gi\u1ea3: Nhi\u1ec1u Ng\u01b0\u1eddi D\u1ecbch<br \/>\nNh\u00e0 Xu\u1ea5t B\u1ea3n: Khoa Ph\u1ee5c H\u1ed3i Ch\u1ee9c N\u0103ng-B\u1ec7nh Vi\u1ec7n B\u1ea1ch Mai<br \/>\nNg\u00f4n Ng\u1eef: Ti\u1ebfng Vi\u1ec7t<\/p>\n","protected":false},"excerpt":{"rendered":"<p>T\u00e1c Gi\u1ea3: Lorenzo Carraro D\u1ecbch Gi\u1ea3: Nhi\u1ec1u Ng\u01b0\u1eddi D\u1ecbch Nh\u00e0 Xu\u1ea5t B\u1ea3n: Khoa Ph\u1ee5c H\u1ed3i Ch\u1ee9c N\u0103ng-B\u1ec7nh Vi\u1ec7n B\u1ea1ch Mai Ng\u00f4n Ng\u1eef: Ti\u1ebfng Vi\u1ec7t<\/p>\n","protected":false},"featured_media":0,"comment_status":"open","ping_status":"closed","template":"","meta":[],"product_cat":[44],"product_tag":[],"class_list":["post-910","product","type-product","status-publish","hentry","product_cat-yds"],"_links":{"self":[{"href":"https:\/\/yinkata.com\/tusach\/index.php\/wp-json\/wp\/v2\/product\/910","targetHints":{"allow":["GET"]}}],"collection":[{"href":"https:\/\/yinkata.com\/tusach\/index.php\/wp-json\/wp\/v2\/product"}],"about":[{"href":"https:\/\/yinkata.com\/tusach\/index.php\/wp-json\/wp\/v2\/types\/product"}],"replies":[{"embeddable":true,"href":"https:\/\/yinkata.com\/tusach\/index.php\/wp-json\/wp\/v2\/comments?post=910"}],"wp:attachment":[{"href":"https:\/\/yinkata.com\/tusach\/index.php\/wp-json\/wp\/v2\/media?parent=910"}],"wp:term":[{"taxonomy":"product_cat","embeddable":true,"href":"https:\/\/yinkata.com\/tusach\/index.php\/wp-json\/wp\/v2\/product_cat?post=910"},{"taxonomy":"product_tag","embeddable":true,"href":"https:\/\/yinkata.com\/tusach\/index.php\/wp-json\/wp\/v2\/product_tag?post=910"}],"curies":[{"name":"wp","href":"https:\/\/api.w.org\/{rel}","templated":true}]}}