{"id":824,"date":"2023-06-24T17:28:42","date_gmt":"2023-06-24T10:28:42","guid":{"rendered":"https:\/\/yinkata.com\/tusach\/index.php\/san-pham\/lich-su-viet-nam-tu-nguon-goc-den-the-ky-xix\/"},"modified":"2023-06-24T17:51:37","modified_gmt":"2023-06-24T10:51:37","slug":"lich-su-viet-nam-tu-nguon-goc-den-the-ky-xix","status":"publish","type":"product","link":"https:\/\/yinkata.com\/tusach\/index.php\/san-pham\/lich-su-viet-nam-tu-nguon-goc-den-the-ky-xix\/","title":{"rendered":"L\u1ecaCH S\u1eec VI\u1ec6T NAM &#8211; T\u1eea NGU\u1ed2N G\u1ed0C \u0110\u1ebeN TH\u1ebe K\u1ef6 XIX"},"content":{"rendered":"<p>T\u00e1c Gi\u1ea3: \u0110\u00e0o Duy Anh<br \/>\nD\u1ecbch Gi\u1ea3: &#8211;<br \/>\nNh\u00e0 Xu\u1ea5t B\u1ea3n: Nxb D\u00e2n Tr\u00ed<br \/>\nNg\u00f4n Ng\u1eef: Ti\u1ebfng Vi\u1ec7t<\/p>\n","protected":false},"excerpt":{"rendered":"<p>T\u00e1c Gi\u1ea3: \u0110\u00e0o Duy Anh D\u1ecbch Gi\u1ea3: &#8211; Nh\u00e0 Xu\u1ea5t B\u1ea3n: Nxb D\u00e2n Tr\u00ed Ng\u00f4n Ng\u1eef: Ti\u1ebfng Vi\u1ec7t<\/p>\n","protected":false},"featured_media":0,"comment_status":"open","ping_status":"closed","template":"","meta":[],"product_cat":[43],"product_tag":[],"class_list":["post-824","product","type-product","status-publish","hentry","product_cat-vhl"],"_links":{"self":[{"href":"https:\/\/yinkata.com\/tusach\/index.php\/wp-json\/wp\/v2\/product\/824","targetHints":{"allow":["GET"]}}],"collection":[{"href":"https:\/\/yinkata.com\/tusach\/index.php\/wp-json\/wp\/v2\/product"}],"about":[{"href":"https:\/\/yinkata.com\/tusach\/index.php\/wp-json\/wp\/v2\/types\/product"}],"replies":[{"embeddable":true,"href":"https:\/\/yinkata.com\/tusach\/index.php\/wp-json\/wp\/v2\/comments?post=824"}],"wp:attachment":[{"href":"https:\/\/yinkata.com\/tusach\/index.php\/wp-json\/wp\/v2\/media?parent=824"}],"wp:term":[{"taxonomy":"product_cat","embeddable":true,"href":"https:\/\/yinkata.com\/tusach\/index.php\/wp-json\/wp\/v2\/product_cat?post=824"},{"taxonomy":"product_tag","embeddable":true,"href":"https:\/\/yinkata.com\/tusach\/index.php\/wp-json\/wp\/v2\/product_tag?post=824"}],"curies":[{"name":"wp","href":"https:\/\/api.w.org\/{rel}","templated":true}]}}