{"id":776,"date":"2023-06-24T17:28:27","date_gmt":"2023-06-24T10:28:27","guid":{"rendered":"https:\/\/yinkata.com\/tusach\/index.php\/san-pham\/huong-dan-chan-doan-va-dieu-tri-cac-benh-nhiem-trung-thuong-gap\/"},"modified":"2023-06-24T17:51:26","modified_gmt":"2023-06-24T10:51:26","slug":"huong-dan-chan-doan-va-dieu-tri-cac-benh-nhiem-trung-thuong-gap","status":"publish","type":"product","link":"https:\/\/yinkata.com\/tusach\/index.php\/san-pham\/huong-dan-chan-doan-va-dieu-tri-cac-benh-nhiem-trung-thuong-gap\/","title":{"rendered":"H\u01af\u1edaNG D\u1eaaN CH\u1ea8N \u0110O\u00c1N V\u00c0 \u0110I\u1ec0U TR\u1eca C\u00c1C B\u1ec6NH NHI\u1ec4M TR\u00d9NG TH\u01af\u1edcNG G\u1eb6P"},"content":{"rendered":"<p>T\u00e1c Gi\u1ea3: B\u1ec7nh Vi\u1ec7n Nhi\u1ec7t \u0110\u1edbi Tphcm<br \/>\nD\u1ecbch Gi\u1ea3: &#8211;<br \/>\nNh\u00e0 Xu\u1ea5t B\u1ea3n: N\u1ed9i B\u1ed9<br \/>\nNg\u00f4n Ng\u1eef: Ti\u1ebfng Vi\u1ec7t<\/p>\n","protected":false},"excerpt":{"rendered":"<p>T\u00e1c Gi\u1ea3: B\u1ec7nh Vi\u1ec7n Nhi\u1ec7t \u0110\u1edbi Tphcm D\u1ecbch Gi\u1ea3: &#8211; Nh\u00e0 Xu\u1ea5t B\u1ea3n: N\u1ed9i B\u1ed9 Ng\u00f4n Ng\u1eef: Ti\u1ebfng Vi\u1ec7t<\/p>\n","protected":false},"featured_media":0,"comment_status":"open","ping_status":"closed","template":"","meta":[],"product_cat":[44],"product_tag":[],"class_list":["post-776","product","type-product","status-publish","hentry","product_cat-yds"],"_links":{"self":[{"href":"https:\/\/yinkata.com\/tusach\/index.php\/wp-json\/wp\/v2\/product\/776","targetHints":{"allow":["GET"]}}],"collection":[{"href":"https:\/\/yinkata.com\/tusach\/index.php\/wp-json\/wp\/v2\/product"}],"about":[{"href":"https:\/\/yinkata.com\/tusach\/index.php\/wp-json\/wp\/v2\/types\/product"}],"replies":[{"embeddable":true,"href":"https:\/\/yinkata.com\/tusach\/index.php\/wp-json\/wp\/v2\/comments?post=776"}],"wp:attachment":[{"href":"https:\/\/yinkata.com\/tusach\/index.php\/wp-json\/wp\/v2\/media?parent=776"}],"wp:term":[{"taxonomy":"product_cat","embeddable":true,"href":"https:\/\/yinkata.com\/tusach\/index.php\/wp-json\/wp\/v2\/product_cat?post=776"},{"taxonomy":"product_tag","embeddable":true,"href":"https:\/\/yinkata.com\/tusach\/index.php\/wp-json\/wp\/v2\/product_tag?post=776"}],"curies":[{"name":"wp","href":"https:\/\/api.w.org\/{rel}","templated":true}]}}