{"id":719,"date":"2023-06-24T17:28:01","date_gmt":"2023-06-24T10:28:01","guid":{"rendered":"https:\/\/yinkata.com\/tusach\/index.php\/san-pham\/food-rules-an-uong-dung-cach\/"},"modified":"2023-06-24T17:51:15","modified_gmt":"2023-06-24T10:51:15","slug":"food-rules-an-uong-dung-cach","status":"publish","type":"product","link":"https:\/\/yinkata.com\/tusach\/index.php\/san-pham\/food-rules-an-uong-dung-cach\/","title":{"rendered":"FOOD RULES-\u0102N U\u1ed0NG \u0110\u00daNG C\u00c1CH"},"content":{"rendered":"<p>T\u00e1c Gi\u1ea3: Michael Pollan<br \/>\nD\u1ecbch Gi\u1ea3: Qu\u1ef3nh Chi<br \/>\nNh\u00e0 Xu\u1ea5t B\u1ea3n: Nxb Th\u1ebf Gi\u1edbi<br \/>\nNg\u00f4n Ng\u1eef: Ti\u1ebfng Vi\u1ec7t<\/p>\n","protected":false},"excerpt":{"rendered":"<p>T\u00e1c Gi\u1ea3: Michael Pollan D\u1ecbch Gi\u1ea3: Qu\u1ef3nh Chi Nh\u00e0 Xu\u1ea5t B\u1ea3n: Nxb Th\u1ebf Gi\u1edbi Ng\u00f4n Ng\u1eef: Ti\u1ebfng Vi\u1ec7t<\/p>\n","protected":false},"featured_media":0,"comment_status":"open","ping_status":"closed","template":"","meta":[],"product_cat":[30],"product_tag":[],"class_list":["post-719","product","type-product","status-publish","hentry","product_cat-tdg"],"_links":{"self":[{"href":"https:\/\/yinkata.com\/tusach\/index.php\/wp-json\/wp\/v2\/product\/719","targetHints":{"allow":["GET"]}}],"collection":[{"href":"https:\/\/yinkata.com\/tusach\/index.php\/wp-json\/wp\/v2\/product"}],"about":[{"href":"https:\/\/yinkata.com\/tusach\/index.php\/wp-json\/wp\/v2\/types\/product"}],"replies":[{"embeddable":true,"href":"https:\/\/yinkata.com\/tusach\/index.php\/wp-json\/wp\/v2\/comments?post=719"}],"wp:attachment":[{"href":"https:\/\/yinkata.com\/tusach\/index.php\/wp-json\/wp\/v2\/media?parent=719"}],"wp:term":[{"taxonomy":"product_cat","embeddable":true,"href":"https:\/\/yinkata.com\/tusach\/index.php\/wp-json\/wp\/v2\/product_cat?post=719"},{"taxonomy":"product_tag","embeddable":true,"href":"https:\/\/yinkata.com\/tusach\/index.php\/wp-json\/wp\/v2\/product_tag?post=719"}],"curies":[{"name":"wp","href":"https:\/\/api.w.org\/{rel}","templated":true}]}}