{"id":689,"date":"2023-06-24T17:27:52","date_gmt":"2023-06-24T10:27:52","guid":{"rendered":"https:\/\/yinkata.com\/tusach\/index.php\/san-pham\/cac-hoc-thuyet-ve-nhan-cach-quyen-4-4\/"},"modified":"2023-06-24T17:51:08","modified_gmt":"2023-06-24T10:51:08","slug":"cac-hoc-thuyet-ve-nhan-cach-quyen-4-4","status":"publish","type":"product","link":"https:\/\/yinkata.com\/tusach\/index.php\/san-pham\/cac-hoc-thuyet-ve-nhan-cach-quyen-4-4\/","title":{"rendered":"C\u00c1C H\u1eccC THUY\u1ebeT V\u1ec0 NH\u00c2N C\u00c1CH (QUY\u1ec2N 4\/4)"},"content":{"rendered":"<p>T\u00e1c Gi\u1ea3: Barry D Smith,<br \/>\nHarold J Vetter<br \/>\nD\u1ecbch Gi\u1ea3: Nguy\u1ec5n Kim D\u00e2n<br \/>\nNh\u00e0 Xu\u1ea5t B\u1ea3n: Nxb V\u0103n H\u00f3a Th\u00f4ng Tin<br \/>\nNg\u00f4n Ng\u1eef: Ti\u1ebfng Vi\u1ec7t<\/p>\n","protected":false},"excerpt":{"rendered":"<p>T\u00e1c Gi\u1ea3: Barry D Smith, Harold J Vetter D\u1ecbch Gi\u1ea3: Nguy\u1ec5n Kim D\u00e2n Nh\u00e0 Xu\u1ea5t B\u1ea3n: Nxb V\u0103n H\u00f3a Th\u00f4ng Tin Ng\u00f4n Ng\u1eef: Ti\u1ebfng Vi\u1ec7t<\/p>\n","protected":false},"featured_media":0,"comment_status":"open","ping_status":"closed","template":"","meta":[],"product_cat":[43],"product_tag":[],"class_list":["post-689","product","type-product","status-publish","hentry","product_cat-vhl"],"_links":{"self":[{"href":"https:\/\/yinkata.com\/tusach\/index.php\/wp-json\/wp\/v2\/product\/689","targetHints":{"allow":["GET"]}}],"collection":[{"href":"https:\/\/yinkata.com\/tusach\/index.php\/wp-json\/wp\/v2\/product"}],"about":[{"href":"https:\/\/yinkata.com\/tusach\/index.php\/wp-json\/wp\/v2\/types\/product"}],"replies":[{"embeddable":true,"href":"https:\/\/yinkata.com\/tusach\/index.php\/wp-json\/wp\/v2\/comments?post=689"}],"wp:attachment":[{"href":"https:\/\/yinkata.com\/tusach\/index.php\/wp-json\/wp\/v2\/media?parent=689"}],"wp:term":[{"taxonomy":"product_cat","embeddable":true,"href":"https:\/\/yinkata.com\/tusach\/index.php\/wp-json\/wp\/v2\/product_cat?post=689"},{"taxonomy":"product_tag","embeddable":true,"href":"https:\/\/yinkata.com\/tusach\/index.php\/wp-json\/wp\/v2\/product_tag?post=689"}],"curies":[{"name":"wp","href":"https:\/\/api.w.org\/{rel}","templated":true}]}}