{"id":660,"date":"2023-06-24T17:27:43","date_gmt":"2023-06-24T10:27:43","guid":{"rendered":"https:\/\/yinkata.com\/tusach\/index.php\/san-pham\/chiem-tinh-hoc-toan-thu\/"},"modified":"2023-06-24T17:51:01","modified_gmt":"2023-06-24T10:51:01","slug":"chiem-tinh-hoc-toan-thu","status":"publish","type":"product","link":"https:\/\/yinkata.com\/tusach\/index.php\/san-pham\/chiem-tinh-hoc-toan-thu\/","title":{"rendered":"CHI\u00caM TINH H\u1eccC TO\u00c0N TH\u01af"},"content":{"rendered":"<p>T\u00e1c Gi\u1ea3: Joanna Martine Woolfolk<br \/>\nD\u1ecbch Gi\u1ea3: L\u00ea Tuy\u00ean<br \/>\nNh\u00e0 Xu\u1ea5t B\u1ea3n: Nxb \u0110\u1ed3ng Nai<br \/>\nNg\u00f4n Ng\u1eef: Ti\u1ebfng Vi\u1ec7t<\/p>\n","protected":false},"excerpt":{"rendered":"<p>T\u00e1c Gi\u1ea3: Joanna Martine Woolfolk D\u1ecbch Gi\u1ea3: L\u00ea Tuy\u00ean Nh\u00e0 Xu\u1ea5t B\u1ea3n: Nxb \u0110\u1ed3ng Nai Ng\u00f4n Ng\u1eef: Ti\u1ebfng Vi\u1ec7t<\/p>\n","protected":false},"featured_media":0,"comment_status":"open","ping_status":"closed","template":"","meta":[],"product_cat":[45],"product_tag":[],"class_list":["post-660","product","type-product","status-publish","hentry","product_cat-pth"],"_links":{"self":[{"href":"https:\/\/yinkata.com\/tusach\/index.php\/wp-json\/wp\/v2\/product\/660","targetHints":{"allow":["GET"]}}],"collection":[{"href":"https:\/\/yinkata.com\/tusach\/index.php\/wp-json\/wp\/v2\/product"}],"about":[{"href":"https:\/\/yinkata.com\/tusach\/index.php\/wp-json\/wp\/v2\/types\/product"}],"replies":[{"embeddable":true,"href":"https:\/\/yinkata.com\/tusach\/index.php\/wp-json\/wp\/v2\/comments?post=660"}],"wp:attachment":[{"href":"https:\/\/yinkata.com\/tusach\/index.php\/wp-json\/wp\/v2\/media?parent=660"}],"wp:term":[{"taxonomy":"product_cat","embeddable":true,"href":"https:\/\/yinkata.com\/tusach\/index.php\/wp-json\/wp\/v2\/product_cat?post=660"},{"taxonomy":"product_tag","embeddable":true,"href":"https:\/\/yinkata.com\/tusach\/index.php\/wp-json\/wp\/v2\/product_tag?post=660"}],"curies":[{"name":"wp","href":"https:\/\/api.w.org\/{rel}","templated":true}]}}