{"id":1023,"date":"2023-06-24T17:29:53","date_gmt":"2023-06-24T10:29:53","guid":{"rendered":"https:\/\/yinkata.com\/tusach\/index.php\/san-pham\/tong-quan-cac-phap-mon-trong-phat-giao-tay-tang\/"},"modified":"2023-06-25T18:05:32","modified_gmt":"2023-06-25T11:05:32","slug":"tong-quan-cac-phap-mon-trong-phat-giao-tay-tang","status":"publish","type":"product","link":"https:\/\/yinkata.com\/tusach\/index.php\/san-pham\/tong-quan-cac-phap-mon-trong-phat-giao-tay-tang\/","title":{"rendered":"T\u1ed4NG QUAN C\u00c1C PH\u00c1P M\u00d4N TRONG PH\u1eacT GI\u00c1O T\u00c2Y T\u1ea0NG"},"content":{"rendered":"<p>T\u00e1c Gi\u1ea3: \u0110\u1ee9c \u0110\u1ea1t Lai L\u1ea1t Ma XIV<br \/>\nD\u1ecbch Gi\u1ea3: Nguy\u1ec5n Minh Ti\u1ebfn<br \/>\nNh\u00e0 Xu\u1ea5t B\u1ea3n: Nxb T\u00f4n Gi\u00e1o<br \/>\nNg\u00f4n Ng\u1eef: Ti\u1ebfng Vi\u1ec7t<\/p>\n","protected":false},"excerpt":{"rendered":"<p>T\u00e1c Gi\u1ea3: \u0110\u1ee9c \u0110\u1ea1t Lai L\u1ea1t Ma XIV D\u1ecbch Gi\u1ea3: Nguy\u1ec5n Minh Ti\u1ebfn Nh\u00e0 Xu\u1ea5t B\u1ea3n: Nxb T\u00f4n Gi\u00e1o Ng\u00f4n Ng\u1eef: Ti\u1ebfng Vi\u1ec7t<\/p>\n","protected":false},"featured_media":1472,"comment_status":"open","ping_status":"closed","template":"","meta":[],"product_cat":[22],"product_tag":[],"class_list":["post-1023","product","type-product","status-publish","has-post-thumbnail","hentry","product_cat-tgi"],"_links":{"self":[{"href":"https:\/\/yinkata.com\/tusach\/index.php\/wp-json\/wp\/v2\/product\/1023","targetHints":{"allow":["GET"]}}],"collection":[{"href":"https:\/\/yinkata.com\/tusach\/index.php\/wp-json\/wp\/v2\/product"}],"about":[{"href":"https:\/\/yinkata.com\/tusach\/index.php\/wp-json\/wp\/v2\/types\/product"}],"replies":[{"embeddable":true,"href":"https:\/\/yinkata.com\/tusach\/index.php\/wp-json\/wp\/v2\/comments?post=1023"}],"wp:featuredmedia":[{"embeddable":true,"href":"https:\/\/yinkata.com\/tusach\/index.php\/wp-json\/wp\/v2\/media\/1472"}],"wp:attachment":[{"href":"https:\/\/yinkata.com\/tusach\/index.php\/wp-json\/wp\/v2\/media?parent=1023"}],"wp:term":[{"taxonomy":"product_cat","embeddable":true,"href":"https:\/\/yinkata.com\/tusach\/index.php\/wp-json\/wp\/v2\/product_cat?post=1023"},{"taxonomy":"product_tag","embeddable":true,"href":"https:\/\/yinkata.com\/tusach\/index.php\/wp-json\/wp\/v2\/product_tag?post=1023"}],"curies":[{"name":"wp","href":"https:\/\/api.w.org\/{rel}","templated":true}]}}