{"id":1004,"date":"2023-06-24T17:29:47","date_gmt":"2023-06-24T10:29:47","guid":{"rendered":"https:\/\/yinkata.com\/tusach\/index.php\/san-pham\/trong-mot-nu-cuoi-cung-tre-thuc-hanh-chanh-niem\/"},"modified":"2023-06-25T18:14:36","modified_gmt":"2023-06-25T11:14:36","slug":"trong-mot-nu-cuoi-cung-tre-thuc-hanh-chanh-niem","status":"publish","type":"product","link":"https:\/\/yinkata.com\/tusach\/index.php\/san-pham\/trong-mot-nu-cuoi-cung-tre-thuc-hanh-chanh-niem\/","title":{"rendered":"TR\u1ed2NG M\u1ed8T N\u1ee4 C\u01af\u1edcI: C\u00d9NG TR\u1eba TH\u1ef0C H\u00c0NH CH\u00c1NH NI\u1ec6M"},"content":{"rendered":"<p>T\u00e1c Gi\u1ea3: Th\u00edch Nh\u1ea5t H\u1ea1nh<br \/>\nD\u1ecbch Gi\u1ea3: Ch\u00e2n V\u1ecbnh Nghi\u00eam,<br \/>\nCh\u00e2n T\u1ea1i Nghi\u00eam,<br \/>\nCh\u00e2n Tr\u0103ng Mai Th\u00f4n<br \/>\nNh\u00e0 Xu\u1ea5t B\u1ea3n: Nxb H\u00e0 N\u1ed9i<br \/>\nNg\u00f4n Ng\u1eef: Ti\u1ebfng Vi\u1ec7t<\/p>\n","protected":false},"excerpt":{"rendered":"<p>T\u00e1c Gi\u1ea3: Th\u00edch Nh\u1ea5t H\u1ea1nh D\u1ecbch Gi\u1ea3: Ch\u00e2n V\u1ecbnh Nghi\u00eam, Ch\u00e2n T\u1ea1i Nghi\u00eam, Ch\u00e2n Tr\u0103ng Mai Th\u00f4n Nh\u00e0 Xu\u1ea5t B\u1ea3n: Nxb H\u00e0 N\u1ed9i Ng\u00f4n Ng\u1eef: Ti\u1ebfng Vi\u1ec7t<\/p>\n","protected":false},"featured_media":1492,"comment_status":"open","ping_status":"closed","template":"","meta":[],"product_cat":[22],"product_tag":[],"class_list":["post-1004","product","type-product","status-publish","has-post-thumbnail","hentry","product_cat-tgi"],"_links":{"self":[{"href":"https:\/\/yinkata.com\/tusach\/index.php\/wp-json\/wp\/v2\/product\/1004","targetHints":{"allow":["GET"]}}],"collection":[{"href":"https:\/\/yinkata.com\/tusach\/index.php\/wp-json\/wp\/v2\/product"}],"about":[{"href":"https:\/\/yinkata.com\/tusach\/index.php\/wp-json\/wp\/v2\/types\/product"}],"replies":[{"embeddable":true,"href":"https:\/\/yinkata.com\/tusach\/index.php\/wp-json\/wp\/v2\/comments?post=1004"}],"wp:featuredmedia":[{"embeddable":true,"href":"https:\/\/yinkata.com\/tusach\/index.php\/wp-json\/wp\/v2\/media\/1492"}],"wp:attachment":[{"href":"https:\/\/yinkata.com\/tusach\/index.php\/wp-json\/wp\/v2\/media?parent=1004"}],"wp:term":[{"taxonomy":"product_cat","embeddable":true,"href":"https:\/\/yinkata.com\/tusach\/index.php\/wp-json\/wp\/v2\/product_cat?post=1004"},{"taxonomy":"product_tag","embeddable":true,"href":"https:\/\/yinkata.com\/tusach\/index.php\/wp-json\/wp\/v2\/product_tag?post=1004"}],"curies":[{"name":"wp","href":"https:\/\/api.w.org\/{rel}","templated":true}]}}